{"id":2713,"date":"2016-01-13T13:47:07","date_gmt":"2016-01-13T12:47:07","guid":{"rendered":"http:\/\/www.amoworkgroups.com\/?page_id=2713"},"modified":"2018-05-01T22:31:05","modified_gmt":"2018-05-02T02:31:05","slug":"amosophie","status":"publish","type":"page","link":"https:\/\/www.amoworkgroups.com\/?page_id=2713","title":{"rendered":"Amosophie als Weg f\u00fcr\u00b4s Leben"},"content":{"rendered":"<p style=\"text-align: center;\">in den Worten von CID Olaf Adami<\/p>\n<div class=\"page\" title=\"Page 1\">\n<div class=\"layoutArea\">\n<div class=\"column\">\n<h4 style=\"text-align: left;\">Dr. phil. Christina Kessler<\/h4>\n<\/div>\n<\/div>\n<div class=\"layoutArea\">\n<div class=\"column\">\n<p>studierte Kulturanthropologie, vergleichende Religionswissen- schaften, Soziologie und Philosophie. Sie hat \u00fcber drei Jahr- zehnte hinweg auf ihren Reisen rund um die Welt die <img data-recalc-dims=\"1\" loading=\"lazy\" decoding=\"async\" data-attachment-id=\"2517\" data-permalink=\"https:\/\/www.amoworkgroups.com\/?attachment_id=2517\" data-orig-file=\"https:\/\/i0.wp.com\/www.amoworkgroups.com\/wp-content\/uploads\/2014\/07\/amoergosum_250px2.jpg?fit=250%2C218&amp;ssl=1\" data-orig-size=\"250,218\" data-comments-opened=\"1\" data-image-meta=\"{&quot;aperture&quot;:&quot;0&quot;,&quot;credit&quot;:&quot;&quot;,&quot;camera&quot;:&quot;&quot;,&quot;caption&quot;:&quot;&quot;,&quot;created_timestamp&quot;:&quot;0&quot;,&quot;copyright&quot;:&quot;&quot;,&quot;focal_length&quot;:&quot;0&quot;,&quot;iso&quot;:&quot;0&quot;,&quot;shutter_speed&quot;:&quot;0&quot;,&quot;title&quot;:&quot;&quot;,&quot;orientation&quot;:&quot;0&quot;}\" data-image-title=\"amoergosum_250px\" data-image-description=\"\" data-image-caption=\"\" data-large-file=\"https:\/\/i0.wp.com\/www.amoworkgroups.com\/wp-content\/uploads\/2014\/07\/amoergosum_250px2.jpg?fit=250%2C218&amp;ssl=1\" class=\"alignleft wp-image-2517 size-medium\" title=\"Amosphie\" src=\"https:\/\/i0.wp.com\/www.amoworkgroups.com\/wp-content\/uploads\/2014\/07\/amoergosum_250px2.jpg?resize=216%2C188\" alt=\"\" width=\"216\" height=\"188\" srcset=\"https:\/\/i0.wp.com\/www.amoworkgroups.com\/wp-content\/uploads\/2014\/07\/amoergosum_250px2.jpg?resize=216%2C188&amp;ssl=1 216w, https:\/\/i0.wp.com\/www.amoworkgroups.com\/wp-content\/uploads\/2014\/07\/amoergosum_250px2.jpg?w=250&amp;ssl=1 250w\" sizes=\"auto, (max-width: 216px) 100vw, 216px\" \/>gro\u00dfen Weisheitslehren sowie\u00a0viele traditionelle Selbsterfahrungswege erforscht. Dabei entdeckte sie in allen Kulturen einen gemein- samen Kern, der zur Grundlage ihrer Publikationen wurde und aus der sie ihre Philosophie, die \u201e<strong><span style=\"color: #800000;\">Amosophie<\/span><\/strong>\u201c entwickelt hat.<\/p>\n<p>Neben ihrer Forschungst\u00e4tigkeit als Ethnologin und Philosophin begleitet sie Menschen aller Altersstufen und Berufe auf dem Weg zur eigenen Bewusstseinsentwicklung und Potenzial- entfaltung. Seit dem Erscheinen ihres Buches &#8222;amo ergo sum &#8211; ich liebe, also bin ich&#8220; (2002) arbeitet und unterrichtet sie im Rahmen ihres Ansatzes, den sie in Vortr\u00e4gen, Seminaren, Workshops und der Ausbildung zum CID (Consultant for Integrative Development) weitergibt.<\/p>\n<p>Die\u00a0<strong><span style=\"color: #800000;\">Amosophie<\/span><\/strong>\u00a0beschreibt die Kunst eines erf\u00fcllten Lebens; die praktizierteWissenschaft vom Wahren, Guten und Sch\u00f6nen, <img data-recalc-dims=\"1\" loading=\"lazy\" decoding=\"async\" data-attachment-id=\"2739\" data-permalink=\"https:\/\/www.amoworkgroups.com\/?attachment_id=2739\" data-orig-file=\"https:\/\/i0.wp.com\/www.amoworkgroups.com\/wp-content\/uploads\/2016\/01\/CK_1.png?fit=126%2C188&amp;ssl=1\" data-orig-size=\"126,188\" data-comments-opened=\"1\" data-image-meta=\"{&quot;aperture&quot;:&quot;0&quot;,&quot;credit&quot;:&quot;&quot;,&quot;camera&quot;:&quot;&quot;,&quot;caption&quot;:&quot;&quot;,&quot;created_timestamp&quot;:&quot;0&quot;,&quot;copyright&quot;:&quot;&quot;,&quot;focal_length&quot;:&quot;0&quot;,&quot;iso&quot;:&quot;0&quot;,&quot;shutter_speed&quot;:&quot;0&quot;,&quot;title&quot;:&quot;&quot;,&quot;orientation&quot;:&quot;0&quot;}\" data-image-title=\"CK_1\" data-image-description=\"\" data-image-caption=\"\" data-large-file=\"https:\/\/i0.wp.com\/www.amoworkgroups.com\/wp-content\/uploads\/2016\/01\/CK_1.png?fit=126%2C188&amp;ssl=1\" class=\"wp-image-2739 size-medium alignright\" title=\"Amosphie\" src=\"https:\/\/i0.wp.com\/www.amoworkgroups.com\/wp-content\/uploads\/2016\/01\/CK_1.png?resize=126%2C188\" alt=\"\" width=\"126\" height=\"188\" \/>geboren aus der\u00a0Liebe zur Weisheit und zum Leben selbst.<\/p>\n<p>Diese Philosophie kn\u00fcpft dabei an Traditionen an, die bis in die Antike und noch davor zur\u00fcckreichen. Wer fr\u00fcher (Antike bis Klassik) studierte, bet\u00e4tigte sich neben den naturwissenschaftlichen auch auf geisteswissenschaftlichen Gebieten, offenbar weil man diese Ausgewogenheit f\u00fcr unerl\u00e4sslich hielt, um \u00fcber das Wissen hinaus zur Weisheit zu gelangen.<\/p>\n<p>Als gesunder Gegensatz zum heute stattdessen weit verbreiteten \u201eFachidiotentum\u201c, dessen Prinzip \u201ejeder gegen jeden\u201c uns immer offensichtlicher in den Abgrund f\u00fchrt, verbindet der ganzheitliche Ansatz der Amosophie den Intellekt wieder mit unserer Intuition, den Kopf wieder mit Herz und Seele, und den Menschen wieder mit seinesgleichen und der gesamten Sch\u00f6pfung.<\/p>\n<p>Daraus entstehen neue Ideen, \u00fcberraschende Perspektiven und ungeahnte M\u00f6glichkeiten f\u00fcr eine lebenswerte Gegenwart und Zukunft.<\/p>\n<p>Auf welche Weise geschieht das?<\/p>\n<p>In dem wir uns darin \u00fcben \u201ewild und ungez\u00e4hmt\u201c zu denken, stets der Weisheit der Liebe vertrauen &#8211; dem alles mit allem verbindenden Prinzip &#8211; und dementsprechend selbstverantwortlich leben, arbeiten und handeln.<\/p>\n<p><strong><span style=\"color: #800000;\">Amo ergo sum \u2013 ich LIEBE, also bin ich.<\/span><\/strong><\/p>\n<p>Das ist ein Credo des \u201eneuen Menschen\u201c in der Morgenr\u00f6te des beginnenden integralen Zeitalters. Nicht weil wir die Ratio \u2013 dieses wundervolle Werkzeug des Verstandes &#8211; nicht mehr br\u00e4uchten. Aber unser \u201eDenkapparat\u201c ben\u00f6tigt jetzt dringend eine ihm \u00fcbergeordnete Instanz. Und diese finden wir nicht mehr im Au\u00dfen, sondern nur und ganz direkt in unserer eigenen Mitte in Erscheinung unserer Herzintelligenz. Vom \u201eIQ\u201c \u00fcber den \u201eEQ\u201c zum \u201eHQ\u201c. Dort liegen die Antworten f\u00fcr uns bereit, wir m\u00fcssen ihnen nur zuh\u00f6ren und k\u00f6nnen dann unseren ureigenen Weg aus ihnen heraus gestalten. \u201eHilf dir selbst, dann hilft dir Gott\u201c ist somit kein blo\u00dfes Sprichwort mehr, sondern ein Versprechen.<\/p>\n<\/div>\n<div class=\"column\" style=\"text-align: center;\">\n<hr \/>\n<\/div>\n<div class=\"column\" style=\"text-align: center;\">Weitere Informationen zur\u00a0<strong>&#8222;Amosophie&#8220;<\/strong>\u00a0findest Du unter:<\/div>\n<p style=\"text-align: center;\"><a title=\"amo ergo sum\" href=\"http:\/\/www.christinakessler.com\" target=\"_blank\" rel=\"noopener\">www.christinakessler.com<\/a>\u00a0oder unter\u00a0<a title=\"amo change group\" href=\"http:\/\/www.amochangegroup.com\" target=\"_blank\" rel=\"noopener\">www.amochangegroup.com<\/a><br \/>\n<a href=\"https:\/\/www.facebook.com\/NewAnthropology\/\" target=\"_blank\" rel=\"noopener\">Christina\u00b4s Blog auf Facebook<\/a><\/p>\n<\/div>\n<\/div>\n<div class=\"shariff shariff-align-center shariff-widget-align-left\" data-services=\"facebook%7Cvk\" data-url=\"https:\/\/www.amoworkgroups.com\/?page_id=2713\" data-timestamp=\"1525213865\" data-hidezero=\"1\" data-backendurl=\"?rest_route=\/shariff\/v1\/share_counts&\"><div class=\"ShariffHeadline\">TEILEN MIT:<\/div><ul class=\"shariff-buttons theme-round orientation-horizontal buttonsize-medium\"><li class=\"shariff-button mailto shariff-nocustomcolor\" style=\"background-color:#a8a8a8;border-radius:25%\"><a href=\"mailto:?body=https%3A%2F%2Fwww.amoworkgroups.com%2F%3Fpage_id%3D2713&subject=Amosophie%20als%20Weg%20f%C3%BCr%C2%B4s%20Leben\" title=\"Per E-Mail versenden\" aria-label=\"Per E-Mail versenden\" role=\"button\" rel=\"noopener nofollow\" class=\"shariff-link\" style=\";border-radius:25%; background-color:#999; color:#fff\"><span class=\"shariff-icon\" style=\"\"><svg width=\"32px\" height=\"20px\" xmlns=\"http:\/\/www.w3.org\/2000\/svg\" viewBox=\"0 0 32 32\"><path fill=\"#999\" d=\"M32 12.7v14.2q0 1.2-0.8 2t-2 0.9h-26.3q-1.2 0-2-0.9t-0.8-2v-14.2q0.8 0.9 1.8 1.6 6.5 4.4 8.9 6.1 1 0.8 1.6 1.2t1.7 0.9 2 0.4h0.1q0.9 0 2-0.4t1.7-0.9 1.6-1.2q3-2.2 8.9-6.1 1-0.7 1.8-1.6zM32 7.4q0 1.4-0.9 2.7t-2.2 2.2q-6.7 4.7-8.4 5.8-0.2 0.1-0.7 0.5t-1 0.7-0.9 0.6-1.1 0.5-0.9 0.2h-0.1q-0.4 0-0.9-0.2t-1.1-0.5-0.9-0.6-1-0.7-0.7-0.5q-1.6-1.1-4.7-3.2t-3.6-2.6q-1.1-0.7-2.1-2t-1-2.5q0-1.4 0.7-2.3t2.1-0.9h26.3q1.2 0 2 0.8t0.9 2z\"\/><\/svg><\/span><\/a><\/li><li class=\"shariff-button printer shariff-nocustomcolor\" style=\"background-color:#a8a8a8;border-radius:25%\"><a href=\"javascript:window.print()\" title=\"drucken\" aria-label=\"drucken\" role=\"button\" rel=\"noopener nofollow\" class=\"shariff-link\" style=\";border-radius:25%; background-color:#999; color:#fff\"><span class=\"shariff-icon\" style=\"\"><svg width=\"32px\" height=\"20px\" xmlns=\"http:\/\/www.w3.org\/2000\/svg\" viewBox=\"0 0 30 32\"><path fill=\"#999\" d=\"M6.8 27.4h16v-4.6h-16v4.6zM6.8 16h16v-6.8h-2.8q-0.7 0-1.2-0.5t-0.5-1.2v-2.8h-11.4v11.4zM27.4 17.2q0-0.5-0.3-0.8t-0.8-0.4-0.8 0.4-0.3 0.8 0.3 0.8 0.8 0.3 0.8-0.3 0.3-0.8zM29.7 17.2v7.4q0 0.2-0.2 0.4t-0.4 0.2h-4v2.8q0 0.7-0.5 1.2t-1.2 0.5h-17.2q-0.7 0-1.2-0.5t-0.5-1.2v-2.8h-4q-0.2 0-0.4-0.2t-0.2-0.4v-7.4q0-1.4 1-2.4t2.4-1h1.2v-9.7q0-0.7 0.5-1.2t1.2-0.5h12q0.7 0 1.6 0.4t1.3 0.8l2.7 2.7q0.5 0.5 0.9 1.4t0.4 1.6v4.6h1.1q1.4 0 2.4 1t1 2.4z\"\/><\/svg><\/span><\/a><\/li><li class=\"shariff-button whatsapp shariff-nocustomcolor\" style=\"background-color:#5cbe4a;border-radius:25%\"><a href=\"https:\/\/api.whatsapp.com\/send?text=https%3A%2F%2Fwww.amoworkgroups.com%2F%3Fpage_id%3D2713%20Amosophie%20als%20Weg%20f%C3%BCr%C2%B4s%20Leben\" title=\"Bei Whatsapp teilen\" aria-label=\"Bei Whatsapp teilen\" role=\"button\" rel=\"noopener nofollow\" class=\"shariff-link\" style=\";border-radius:25%; background-color:#34af23; color:#fff\" target=\"_blank\"><span class=\"shariff-icon\" style=\"\"><svg width=\"32px\" height=\"20px\" xmlns=\"http:\/\/www.w3.org\/2000\/svg\" viewBox=\"0 0 32 32\"><path fill=\"#34af23\" d=\"M17.6 17.4q0.2 0 1.7 0.8t1.6 0.9q0 0.1 0 0.3 0 0.6-0.3 1.4-0.3 0.7-1.3 1.2t-1.8 0.5q-1 0-3.4-1.1-1.7-0.8-3-2.1t-2.6-3.3q-1.3-1.9-1.3-3.5v-0.1q0.1-1.6 1.3-2.8 0.4-0.4 0.9-0.4 0.1 0 0.3 0t0.3 0q0.3 0 0.5 0.1t0.3 0.5q0.1 0.4 0.6 1.6t0.4 1.3q0 0.4-0.6 1t-0.6 0.8q0 0.1 0.1 0.3 0.6 1.3 1.8 2.4 1 0.9 2.7 1.8 0.2 0.1 0.4 0.1 0.3 0 1-0.9t0.9-0.9zM14 26.9q2.3 0 4.3-0.9t3.6-2.4 2.4-3.6 0.9-4.3-0.9-4.3-2.4-3.6-3.6-2.4-4.3-0.9-4.3 0.9-3.6 2.4-2.4 3.6-0.9 4.3q0 3.6 2.1 6.6l-1.4 4.2 4.3-1.4q2.8 1.9 6.2 1.9zM14 2.2q2.7 0 5.2 1.1t4.3 2.9 2.9 4.3 1.1 5.2-1.1 5.2-2.9 4.3-4.3 2.9-5.2 1.1q-3.5 0-6.5-1.7l-7.4 2.4 2.4-7.2q-1.9-3.2-1.9-6.9 0-2.7 1.1-5.2t2.9-4.3 4.3-2.9 5.2-1.1z\"\/><\/svg><\/span><\/a><\/li><li class=\"shariff-button facebook shariff-nocustomcolor\" style=\"background-color:#4273c8;border-radius:25%\"><a href=\"https:\/\/www.facebook.com\/sharer\/sharer.php?u=https%3A%2F%2Fwww.amoworkgroups.com%2F%3Fpage_id%3D2713\" title=\"Bei Facebook teilen\" aria-label=\"Bei Facebook teilen\" role=\"button\" rel=\"nofollow\" class=\"shariff-link\" style=\";border-radius:25%; background-color:#3b5998; color:#fff\" target=\"_blank\"><span class=\"shariff-icon\" style=\"\"><svg width=\"32px\" height=\"20px\" xmlns=\"http:\/\/www.w3.org\/2000\/svg\" viewBox=\"0 0 18 32\"><path fill=\"#3b5998\" d=\"M17.1 0.2v4.7h-2.8q-1.5 0-2.1 0.6t-0.5 1.9v3.4h5.2l-0.7 5.3h-4.5v13.6h-5.5v-13.6h-4.5v-5.3h4.5v-3.9q0-3.3 1.9-5.2t5-1.8q2.6 0 4.1 0.2z\"\/><\/svg><\/span><span data-service=\"facebook\" style=\"color:#3b5998\" class=\"shariff-count shariff-hidezero\"><\/span>&nbsp;<\/a><\/li><li class=\"shariff-button twitter shariff-nocustomcolor\" style=\"background-color:#595959;border-radius:25%\"><a href=\"https:\/\/twitter.com\/share?url=https%3A%2F%2Fwww.amoworkgroups.com%2F%3Fpage_id%3D2713&text=Amosophie%20als%20Weg%20f%C3%BCr%C2%B4s%20Leben&via=httpstwittercomamoworkgroups\" title=\"Bei X teilen\" aria-label=\"Bei X teilen\" role=\"button\" rel=\"noopener nofollow\" class=\"shariff-link\" style=\";border-radius:25%; background-color:#000; color:#fff\" target=\"_blank\"><span class=\"shariff-icon\" style=\"\"><svg width=\"32px\" height=\"20px\" xmlns=\"http:\/\/www.w3.org\/2000\/svg\" viewBox=\"0 0 24 24\"><path fill=\"#000\" d=\"M14.258 10.152L23.176 0h-2.113l-7.747 8.813L7.133 0H0l9.352 13.328L0 23.973h2.113l8.176-9.309 6.531 9.309h7.133zm-2.895 3.293l-.949-1.328L2.875 1.56h3.246l6.086 8.523.945 1.328 7.91 11.078h-3.246zm0 0\"\/><\/svg><\/span><\/a><\/li><li class=\"shariff-button linkedin shariff-nocustomcolor\" style=\"background-color:#1488bf;border-radius:25%\"><a href=\"https:\/\/www.linkedin.com\/sharing\/share-offsite\/?url=https%3A%2F%2Fwww.amoworkgroups.com%2F%3Fpage_id%3D2713\" title=\"Bei LinkedIn teilen\" aria-label=\"Bei LinkedIn teilen\" role=\"button\" rel=\"noopener nofollow\" class=\"shariff-link\" style=\";border-radius:25%; background-color:#0077b5; color:#fff\" target=\"_blank\"><span class=\"shariff-icon\" style=\"\"><svg width=\"32px\" height=\"20px\" xmlns=\"http:\/\/www.w3.org\/2000\/svg\" viewBox=\"0 0 27 32\"><path fill=\"#0077b5\" d=\"M6.2 11.2v17.7h-5.9v-17.7h5.9zM6.6 5.7q0 1.3-0.9 2.2t-2.4 0.9h0q-1.5 0-2.4-0.9t-0.9-2.2 0.9-2.2 2.4-0.9 2.4 0.9 0.9 2.2zM27.4 18.7v10.1h-5.9v-9.5q0-1.9-0.7-2.9t-2.3-1.1q-1.1 0-1.9 0.6t-1.2 1.5q-0.2 0.5-0.2 1.4v9.9h-5.9q0-7.1 0-11.6t0-5.3l0-0.9h5.9v2.6h0q0.4-0.6 0.7-1t1-0.9 1.6-0.8 2-0.3q3 0 4.9 2t1.9 6z\"\/><\/svg><\/span><\/a><\/li><li class=\"shariff-button vk shariff-nocustomcolor\" style=\"background-color:#4273c8;border-radius:25%\"><a href=\"https:\/\/vk.com\/share.php?url=https%3A%2F%2Fwww.amoworkgroups.com%2F%3Fpage_id%3D2713\" title=\"Bei VK teilen\" aria-label=\"Bei VK teilen\" role=\"button\" rel=\"noopener nofollow\" class=\"shariff-link\" style=\";border-radius:25%; background-color:#527498; color:#fff\" target=\"_blank\"><span class=\"shariff-icon\" style=\"\"><svg width=\"32px\" height=\"20px\" xmlns=\"http:\/\/www.w3.org\/2000\/svg\" viewBox=\"0 0 34 32\"><path fill=\"#527498\" d=\"M34.2 9.3q0.4 1.1-2.7 5.3-0.4 0.6-1.2 1.5-1.4 1.8-1.6 2.3-0.3 0.7 0.3 1.4 0.3 0.4 1.4 1.5h0l0.1 0.1q2.5 2.3 3.4 3.9 0.1 0.1 0.1 0.2t0.1 0.5 0 0.6-0.4 0.5-1.1 0.2l-4.6 0.1q-0.4 0.1-1-0.1t-0.9-0.4l-0.4-0.2q-0.5-0.4-1.2-1.1t-1.2-1.4-1.1-1-1-0.3q-0.1 0-0.1 0.1t-0.3 0.3-0.4 0.5-0.3 0.9-0.1 1.4q0 0.3-0.1 0.5t-0.1 0.3l-0.1 0.1q-0.3 0.3-0.9 0.4h-2.1q-1.3 0.1-2.6-0.3t-2.3-0.9-1.8-1.2-1.3-1l-0.4-0.4q-0.2-0.2-0.5-0.5t-1.3-1.6-1.9-2.7-2.2-3.8-2.3-4.9q-0.1-0.3-0.1-0.5t0.1-0.3l0.1-0.1q0.3-0.3 1-0.3l4.9 0q0.2 0 0.4 0.1t0.3 0.2l0.1 0.1q0.3 0.2 0.4 0.6 0.4 0.9 0.8 1.8t0.7 1.5l0.3 0.5q0.5 1.1 1 1.9t0.9 1.2 0.7 0.7 0.6 0.3 0.5-0.1q0 0 0.1-0.1t0.2-0.4 0.2-0.8 0.2-1.4 0-2.2q0-0.7-0.2-1.3t-0.2-0.8l-0.1-0.2q-0.4-0.6-1.5-0.8-0.2 0 0.1-0.4 0.3-0.3 0.7-0.5 0.9-0.5 4.3-0.4 1.5 0 2.4 0.2 0.4 0.1 0.6 0.2t0.4 0.4 0.2 0.6 0.1 0.8 0 1 0 1.3 0 1.5q0 0.2 0 0.8t0 0.9 0.1 0.7 0.2 0.7 0.4 0.4q0.1 0 0.3 0.1t0.5-0.2 0.7-0.6 0.9-1.2 1.2-1.9q1.1-1.9 1.9-4 0.1-0.2 0.2-0.3t0.2-0.2l0.1-0.1 0.1 0t0.2-0.1 0.4 0l5.1 0q0.7-0.1 1.1 0t0.6 0.3z\"\/><\/svg><\/span><span data-service=\"vk\" style=\"color:#527498\" class=\"shariff-count shariff-hidezero\"><\/span>&nbsp;<\/a><\/li><\/ul><\/div>","protected":false},"excerpt":{"rendered":"<p>in den Worten von CID Olaf Adami Dr. phil. Christina Kessler studierte Kulturanthropologie, vergleichende Religionswissen- schaften, Soziologie und Philosophie. Sie hat \u00fcber drei Jahr- zehnte hinweg auf ihren Reisen rund um die Welt die gro\u00dfen Weisheitslehren sowie\u00a0viele traditionelle Selbsterfahrungswege erforscht. &hellip; <a href=\"https:\/\/www.amoworkgroups.com\/?page_id=2713\">Weiterlesen <span class=\"meta-nav\">&rarr;<\/span><\/a><\/p>\n","protected":false},"author":1,"featured_media":0,"parent":2621,"menu_order":4,"comment_status":"closed","ping_status":"closed","template":"sidebar-page.php","meta":{"jetpack_post_was_ever_published":false,"footnotes":""},"class_list":["post-2713","page","type-page","status-publish","hentry"],"jetpack_sharing_enabled":true,"jetpack_shortlink":"https:\/\/wp.me\/P4OMVl-HL","jetpack_likes_enabled":true,"jetpack-related-posts":[],"amp_enabled":false,"_links":{"self":[{"href":"https:\/\/www.amoworkgroups.com\/index.php?rest_route=\/wp\/v2\/pages\/2713","targetHints":{"allow":["GET"]}}],"collection":[{"href":"https:\/\/www.amoworkgroups.com\/index.php?rest_route=\/wp\/v2\/pages"}],"about":[{"href":"https:\/\/www.amoworkgroups.com\/index.php?rest_route=\/wp\/v2\/types\/page"}],"author":[{"embeddable":true,"href":"https:\/\/www.amoworkgroups.com\/index.php?rest_route=\/wp\/v2\/users\/1"}],"replies":[{"embeddable":true,"href":"https:\/\/www.amoworkgroups.com\/index.php?rest_route=%2Fwp%2Fv2%2Fcomments&post=2713"}],"version-history":[{"count":8,"href":"https:\/\/www.amoworkgroups.com\/index.php?rest_route=\/wp\/v2\/pages\/2713\/revisions"}],"predecessor-version":[{"id":2721,"href":"https:\/\/www.amoworkgroups.com\/index.php?rest_route=\/wp\/v2\/pages\/2713\/revisions\/2721"}],"up":[{"embeddable":true,"href":"https:\/\/www.amoworkgroups.com\/index.php?rest_route=\/wp\/v2\/pages\/2621"}],"wp:attachment":[{"href":"https:\/\/www.amoworkgroups.com\/index.php?rest_route=%2Fwp%2Fv2%2Fmedia&parent=2713"}],"curies":[{"name":"wp","href":"https:\/\/api.w.org\/{rel}","templated":true}]}}